{"id":59,"date":"2023-08-11T17:29:01","date_gmt":"2023-08-11T17:29:01","guid":{"rendered":"https:\/\/casitaluzdearcoiris.wordpress.com\/?page_id=59"},"modified":"2023-12-04T17:49:31","modified_gmt":"2023-12-04T17:49:31","slug":"la-casita","status":"publish","type":"page","link":"https:\/\/casitaluzdearcoiris.es\/index.php\/la-casita\/","title":{"rendered":"LA CASITA \ud83c\udfe0\ud83c\udf08"},"content":{"rendered":"\n<hr class=\"wp-block-separator has-alpha-channel-opacity\"\/>\n\n\n\n<p><strong>En nuestra casita Luz de Arcoiris el hogar est\u00e1 adaptado a las necesidades e intereses de los ni\u00f1@s con todas las medidas de seguridad necesarias. Existen una serie de espacios divididos y adaptados en funci\u00f3n las rutinas del d\u00eda a d\u00eda. Por lo tanto, son espacios flexibles que van evolucionando al mismo tiempo que los ni\u00f1@s, nunca son algo est\u00e1tico.<\/strong><\/p>\n\n\n\n<p><strong>Nuestro prop\u00f3sito es crear un peque\u00f1o grupo de juego, confianza y amor en el que tanto ni\u00f1@s como adultos nos sintamos libres y en confianza para disfrutar y compartir ideas e inquietudes. Un lugar c\u00e1lido, seguro y afectivo para empezar la interacci\u00f3n con otros ni\u00f1@s sin prisa, respetando los ritmos individuales.<\/strong><\/p>\n\n\n\n<hr class=\"wp-block-separator alignwide has-alpha-channel-opacity is-style-wide\"\/>\n\n\n\n<h1 class=\"wp-block-heading has-text-align-center has-luminous-vivid-orange-color has-text-color\"><strong>Entrada \ud83d\udc4b\ud83e\udec2<\/strong><\/h1>\n\n\n\n<div class=\"wp-block-media-text alignwide is-stacked-on-mobile is-vertically-aligned-center\" style=\"grid-template-columns:49% auto\"><figure class=\"wp-block-media-text__media\"><img decoding=\"async\" src=\"https:\/\/casitaluzdearcoiris.files.wordpress.com\/2023\/09\/img_0211.jpg?w=769\" alt=\"\" class=\"wp-image-175 size-full\"\/><\/figure><div class=\"wp-block-media-text__content\">\n<p><strong><mark style=\"background-color:#E6DBAD\" class=\"has-inline-color has-black-color\">Es importante generar un ambiente tranquilo y sin prisas desde la entrada en la casita.<\/mark><\/strong><\/p>\n\n\n\n<p><strong><mark style=\"background-color:#E6DBAD\" class=\"has-inline-color has-black-color\">Dar a los ni\u00f1@s la oportunidad de quitarse su abrigo y sus zapatos y guardarlos en su sitio. Fomentando su autonom\u00eda e independencia.<\/mark><\/strong><\/p>\n\n\n\n<p><strong><mark style=\"background-color:#E6DBAD\" class=\"has-inline-color has-black-color\">Saber ver las oportunidades de aprendizaje que ocurren en las rutinas diarias y pasan desapercibidas.<\/mark><\/strong><\/p>\n<\/div><\/div>\n\n\n\n<figure class=\"wp-block-gallery alignwide has-nested-images columns-default is-cropped wp-block-gallery-1 is-layout-flex wp-block-gallery-is-layout-flex\">\n<figure class=\"wp-block-image size-large is-style-rounded\"><img decoding=\"async\" data-id=\"184\" src=\"https:\/\/casitaluzdearcoiris.files.wordpress.com\/2023\/09\/img_0212.jpg?w=769\" alt=\"\" class=\"wp-image-184\"\/><\/figure>\n\n\n\n<figure class=\"wp-block-image size-large is-style-rounded\"><img decoding=\"async\" data-id=\"186\" src=\"https:\/\/casitaluzdearcoiris.files.wordpress.com\/2023\/09\/img_0216-2.jpg?w=769\" alt=\"\" class=\"wp-image-186\"\/><\/figure>\n\n\n\n<figure class=\"wp-block-image size-full is-style-rounded\"><img decoding=\"async\" data-id=\"558\" src=\"https:\/\/casitaluzdearcoiris.es\/wp-content\/uploads\/2023\/11\/1695052842367.jpg\" alt=\"\" class=\"wp-image-558\"\/><\/figure>\n<\/figure>\n\n\n\n<hr class=\"wp-block-separator alignwide has-alpha-channel-opacity is-style-wide\"\/>\n\n\n\n<h1 class=\"wp-block-heading has-text-align-center has-luminous-vivid-amber-color has-text-color\"><strong>Espacio de juego \ud83e\uddf8\ud83c\udfa8<\/strong><\/h1>\n\n\n\n<div class=\"wp-block-media-text alignwide is-stacked-on-mobile is-vertically-aligned-center\"><figure class=\"wp-block-media-text__media\"><img decoding=\"async\" src=\"https:\/\/casitaluzdearcoiris.files.wordpress.com\/2023\/09\/img_0222.jpg?w=769\" alt=\"\" class=\"wp-image-189 size-full\"\/><\/figure><div class=\"wp-block-media-text__content\">\n<p class=\"has-text-align-center has-luminous-vivid-amber-background-color has-background\" style=\"line-height:1\"><strong><mark style=\"background-color:rgba(0, 0, 0, 0)\" class=\"has-inline-color has-black-color\">Ambiente ordenado, c\u00e1lido y arm\u00f3nico, a la altura del ni\u00f1o, de madera y adaptado a las necesidades e intereses de los ni\u00f1os y ni\u00f1as.<\/mark><\/strong><\/p>\n\n\n\n<p class=\"has-text-align-center has-luminous-vivid-amber-background-color has-background\" style=\"line-height:1\"><strong><mark style=\"background-color:rgba(0, 0, 0, 0)\" class=\"has-inline-color has-black-color\">Un espacio sencillo y hogare\u00f1o en el que se sientan seguros e independientes.<\/mark><\/strong><\/p>\n\n\n\n<p class=\"has-text-align-center has-luminous-vivid-amber-background-color has-background\" style=\"line-height:1\"><strong><mark style=\"background-color:rgba(0, 0, 0, 0)\" class=\"has-inline-color has-black-color\">Se fomenta el juego y el movimiento libre estableciendo los primeros v\u00ednculos con los iguales y la resoluci\u00f3n de conflictos a trav\u00e9s de la disciplina positiva.<\/mark><\/strong><\/p>\n<\/div><\/div>\n\n\n\n<div class=\"wp-block-group alignwide is-nowrap is-layout-flex wp-container-core-group-is-layout-ad2f72ca wp-block-group-is-layout-flex\">\n<figure class=\"wp-block-image alignwide size-large is-style-rounded\"><img decoding=\"async\" src=\"https:\/\/casitaluzdearcoiris.files.wordpress.com\/2023\/09\/img_0218.jpg?w=769\" alt=\"\" class=\"wp-image-196\"\/><\/figure>\n\n\n\n<figure class=\"wp-block-image alignwide size-large is-style-rounded\"><img loading=\"lazy\" decoding=\"async\" width=\"769\" height=\"1024\" src=\"https:\/\/casitaluzdearcoiris.es\/wp-content\/uploads\/2023\/12\/1697550977084-769x1024.jpg\" alt=\"\" class=\"wp-image-626\" srcset=\"https:\/\/casitaluzdearcoiris.es\/wp-content\/uploads\/2023\/12\/1697550977084-769x1024.jpg 769w, https:\/\/casitaluzdearcoiris.es\/wp-content\/uploads\/2023\/12\/1697550977084-225x300.jpg 225w, https:\/\/casitaluzdearcoiris.es\/wp-content\/uploads\/2023\/12\/1697550977084-768x1023.jpg 768w, https:\/\/casitaluzdearcoiris.es\/wp-content\/uploads\/2023\/12\/1697550977084-1153x1536.jpg 1153w, https:\/\/casitaluzdearcoiris.es\/wp-content\/uploads\/2023\/12\/1697550977084-1538x2048.jpg 1538w, https:\/\/casitaluzdearcoiris.es\/wp-content\/uploads\/2023\/12\/1697550977084-scaled.jpg 1922w\" sizes=\"auto, (max-width: 769px) 100vw, 769px\" \/><\/figure>\n\n\n\n<figure class=\"wp-block-image alignwide size-large is-style-rounded\"><img decoding=\"async\" src=\"https:\/\/casitaluzdearcoiris.files.wordpress.com\/2023\/09\/image-2-1.jpg?w=923\" alt=\"\" class=\"wp-image-198\"\/><\/figure>\n\n\n\n<figure class=\"wp-block-image alignwide size-large is-style-rounded\"><img loading=\"lazy\" decoding=\"async\" width=\"769\" height=\"1024\" src=\"https:\/\/casitaluzdearcoiris.es\/wp-content\/uploads\/2023\/12\/storage_emulated_0_Android_data_com.miui_.gallery_cache_SecurityShare_1701453405480-769x1024.jpg\" alt=\"\" class=\"wp-image-624\" srcset=\"https:\/\/casitaluzdearcoiris.es\/wp-content\/uploads\/2023\/12\/storage_emulated_0_Android_data_com.miui_.gallery_cache_SecurityShare_1701453405480-769x1024.jpg 769w, https:\/\/casitaluzdearcoiris.es\/wp-content\/uploads\/2023\/12\/storage_emulated_0_Android_data_com.miui_.gallery_cache_SecurityShare_1701453405480-225x300.jpg 225w, https:\/\/casitaluzdearcoiris.es\/wp-content\/uploads\/2023\/12\/storage_emulated_0_Android_data_com.miui_.gallery_cache_SecurityShare_1701453405480-768x1023.jpg 768w, https:\/\/casitaluzdearcoiris.es\/wp-content\/uploads\/2023\/12\/storage_emulated_0_Android_data_com.miui_.gallery_cache_SecurityShare_1701453405480-1153x1536.jpg 1153w, https:\/\/casitaluzdearcoiris.es\/wp-content\/uploads\/2023\/12\/storage_emulated_0_Android_data_com.miui_.gallery_cache_SecurityShare_1701453405480-1538x2048.jpg 1538w, https:\/\/casitaluzdearcoiris.es\/wp-content\/uploads\/2023\/12\/storage_emulated_0_Android_data_com.miui_.gallery_cache_SecurityShare_1701453405480-scaled.jpg 1922w\" sizes=\"auto, (max-width: 769px) 100vw, 769px\" \/><\/figure>\n\n\n\n<figure class=\"wp-block-image alignwide size-large is-style-rounded\"><img decoding=\"async\" src=\"https:\/\/casitaluzdearcoiris.files.wordpress.com\/2023\/09\/img_0223.jpg?w=769\" alt=\"\" class=\"wp-image-192\"\/><\/figure>\n\n\n\n<figure class=\"wp-block-image alignwide size-large is-style-rounded\"><img decoding=\"async\" src=\"https:\/\/casitaluzdearcoiris.files.wordpress.com\/2023\/09\/img_0217.jpg?w=769\" alt=\"\" class=\"wp-image-210\"\/><\/figure>\n<\/div>\n\n\n\n<hr class=\"wp-block-separator alignwide has-alpha-channel-opacity is-style-wide\"\/>\n\n\n\n<h1 class=\"wp-block-heading has-text-align-center has-light-green-cyan-color has-text-color\"><strong>Aseo \ud83d\udebd\ud83e\udea5<\/strong><\/h1>\n\n\n\n<div class=\"wp-block-media-text alignwide is-stacked-on-mobile is-vertically-aligned-center\"><figure class=\"wp-block-media-text__media\"><img decoding=\"async\" src=\"https:\/\/casitaluzdearcoiris.files.wordpress.com\/2023\/09\/img_0240.jpg?w=1024\" alt=\"\" class=\"wp-image-216 size-full\"\/><\/figure><div class=\"wp-block-media-text__content\">\n<p class=\"has-text-align-center has-light-green-cyan-background-color has-background\" style=\"line-height:1\"><strong><mark style=\"background-color:rgba(0, 0, 0, 0)\" class=\"has-inline-color has-black-color\">Es importante ofrecer unos cuidados de calidad en los momentos de aseo: lavarse manos y cara, lavarse los dientes, cambio de pa\u00f1al y control de esf\u00ednteres.<\/mark><\/strong><\/p>\n\n\n\n<p class=\"has-text-align-center has-light-green-cyan-background-color has-background\" style=\"line-height:1\"><strong><mark style=\"background-color:rgba(0, 0, 0, 0)\" class=\"has-inline-color has-black-color\">Dar a los ni\u00f1@s confianza y autonom\u00eda para que sean momentos especiales en los que compartir y aprender pasito a pasito.<\/mark><\/strong><\/p>\n\n\n\n<p class=\"has-text-align-center has-light-green-cyan-background-color has-background\" style=\"line-height:1\"><strong><mark style=\"background-color:rgba(0, 0, 0, 0)\" class=\"has-inline-color has-black-color\">El ni\u00f1@ es el protagonista. <\/mark><\/strong><\/p>\n<\/div><\/div>\n\n\n\n<div class=\"wp-block-group alignwide is-nowrap is-layout-flex wp-container-core-group-is-layout-ad2f72ca wp-block-group-is-layout-flex\">\n<figure class=\"wp-block-image alignwide size-large is-style-rounded\"><img decoding=\"async\" src=\"http:\/\/ukhwimp.cluster028.hosting.ovh.net\/wp-content\/uploads\/2023\/09\/image-4.jpg?w=880\" alt=\"\" class=\"wp-image-221\"\/><\/figure>\n\n\n\n<figure class=\"wp-block-image alignwide size-large is-style-rounded\"><img decoding=\"async\" src=\"http:\/\/ukhwimp.cluster028.hosting.ovh.net\/wp-content\/uploads\/2023\/09\/img_0238.jpg?w=769\" alt=\"\" class=\"wp-image-218\"\/><\/figure>\n\n\n\n<figure class=\"wp-block-image alignwide size-large is-style-rounded\"><img decoding=\"async\" src=\"http:\/\/ukhwimp.cluster028.hosting.ovh.net\/wp-content\/uploads\/2023\/09\/img_0237.jpg?w=769\" alt=\"\" class=\"wp-image-219\"\/><\/figure>\n\n\n\n<figure class=\"wp-block-image alignwide size-large is-style-rounded\"><img decoding=\"async\" src=\"http:\/\/ukhwimp.cluster028.hosting.ovh.net\/wp-content\/uploads\/2023\/09\/img_0236.jpg?w=1024\" alt=\"\" class=\"wp-image-220\"\/><\/figure>\n<\/div>\n\n\n\n<hr class=\"wp-block-separator alignwide has-alpha-channel-opacity is-style-wide\"\/>\n\n\n\n<h1 class=\"wp-block-heading has-text-align-center has-vivid-cyan-blue-color has-text-color\"><strong>Terraza exterior \u2600\ufe0f\ud83e\udea3<\/strong><\/h1>\n\n\n\n<div class=\"wp-block-media-text alignwide is-stacked-on-mobile is-vertically-aligned-center\"><figure class=\"wp-block-media-text__media\"><img decoding=\"async\" src=\"https:\/\/casitaluzdearcoiris.files.wordpress.com\/2023\/09\/img_0229.jpg?w=1024\" alt=\"\" class=\"wp-image-201 size-full\"\/><\/figure><div class=\"wp-block-media-text__content\">\n<p class=\"has-text-align-center has-pale-cyan-blue-background-color has-background\" style=\"font-size:16px;line-height:1\"><strong><mark style=\"background-color:rgba(0, 0, 0, 0)\" class=\"has-inline-color has-black-color\">Es importante fomentar el juego al aire libre para ayudar a los ni\u00f1os a crecer de manera saludable y equilibrada. <\/mark><\/strong><\/p>\n\n\n\n<p class=\"has-text-align-center has-pale-cyan-blue-background-color has-background\" style=\"font-size:16px;line-height:1\"><strong><mark style=\"background-color:rgba(0, 0, 0, 0)\" class=\"has-inline-color has-black-color\">Por eso en la casita salimos todos los d\u00edas a nuestro espacio exterior, adaptado y acondicionado para ello.<\/mark><\/strong><\/p>\n\n\n\n<p class=\"has-text-align-center has-pale-cyan-blue-background-color has-background\" style=\"line-height:1\"><strong><mark style=\"background-color:rgba(0, 0, 0, 0)\" class=\"has-inline-color has-black-color\">Realizaremos alguna salida semanal a parques cercanos del hogar: \u00a1una gran aventura!<\/mark><\/strong><\/p>\n<\/div><\/div>\n\n\n\n<div class=\"wp-block-group alignwide is-nowrap is-layout-flex wp-container-core-group-is-layout-ad2f72ca wp-block-group-is-layout-flex\">\n<figure class=\"wp-block-image alignwide size-large is-style-rounded\"><img decoding=\"async\" src=\"https:\/\/casitaluzdearcoiris.files.wordpress.com\/2023\/09\/img_0227.jpg?w=769\" alt=\"\" class=\"wp-image-207\"\/><\/figure>\n\n\n\n<figure class=\"wp-block-image alignwide size-large is-style-rounded\"><img decoding=\"async\" src=\"https:\/\/casitaluzdearcoiris.files.wordpress.com\/2023\/09\/img_0228.jpg?w=1024\" alt=\"\" class=\"wp-image-202\"\/><\/figure>\n\n\n\n<figure class=\"wp-block-image alignwide size-large is-style-rounded\"><img decoding=\"async\" src=\"https:\/\/casitaluzdearcoiris.files.wordpress.com\/2023\/09\/img_0230.jpg?w=1024\" alt=\"\" class=\"wp-image-206\"\/><\/figure>\n\n\n\n<figure class=\"wp-block-image alignwide size-large is-style-rounded\"><img decoding=\"async\" src=\"https:\/\/casitaluzdearcoiris.files.wordpress.com\/2023\/09\/img_0231.jpg?w=769\" alt=\"\" class=\"wp-image-204\"\/><\/figure>\n\n\n\n<figure class=\"wp-block-image alignwide size-large is-style-rounded\"><img decoding=\"async\" src=\"https:\/\/casitaluzdearcoiris.files.wordpress.com\/2023\/09\/img_0232.jpg?w=1024\" alt=\"\" class=\"wp-image-203\"\/><\/figure>\n\n\n\n<figure class=\"wp-block-image alignwide size-large is-style-rounded\"><img decoding=\"async\" src=\"https:\/\/casitaluzdearcoiris.files.wordpress.com\/2023\/09\/img_0234.jpg?w=769\" alt=\"\" class=\"wp-image-205\"\/><\/figure>\n<\/div>\n\n\n\n<hr class=\"wp-block-separator alignwide has-alpha-channel-opacity is-style-wide\"\/>\n\n\n\n<h1 class=\"wp-block-heading has-text-align-center has-vivid-purple-color has-text-color\"><strong>Descanso<\/strong> \ud83c\udf0c\ud83c\udf19\u2728<\/h1>\n\n\n\n<div class=\"wp-block-media-text alignwide is-stacked-on-mobile\"><figure class=\"wp-block-media-text__media\"><img decoding=\"async\" src=\"http:\/\/ukhwimp.cluster028.hosting.ovh.net\/wp-content\/uploads\/2023\/09\/img_0250.jpg?w=769\" alt=\"\" class=\"wp-image-247 size-full\"\/><\/figure><div class=\"wp-block-media-text__content\">\n<p class=\"has-text-align-center has-pale-pink-background-color has-background\" style=\"line-height:1\"><strong><mark style=\"background-color:rgba(0, 0, 0, 0)\" class=\"has-inline-color has-black-color\">El espacio de juego se convierte en el \u00e1rea de siesta y descanso. <\/mark><\/strong><\/p>\n\n\n\n<p class=\"has-text-align-center has-pale-pink-background-color has-background\" style=\"line-height:1\"><strong><mark style=\"background-color:rgba(0, 0, 0, 0)\" class=\"has-inline-color has-black-color\">Colchones en el suelo que fomentan su autonom\u00eda y seguridad ya que pueden subir y bajar cuando lo necesitan.<\/mark><\/strong><\/p>\n\n\n\n<p class=\"has-text-align-center has-pale-pink-background-color has-background\" style=\"line-height:1\"><strong><mark style=\"background-color:rgba(0, 0, 0, 0)\" class=\"has-inline-color has-black-color\">Momento de paz y tranquilidad que conseguimos con la lectura de un cuento, masaje y m\u00fasica relajante\u2026.\u2728\ud83c\udf19<\/mark><\/strong><\/p>\n<\/div><\/div>\n\n\n\n<div class=\"wp-block-group alignwide is-content-justification-center is-nowrap is-layout-flex wp-container-core-group-is-layout-94bc23d7 wp-block-group-is-layout-flex\">\n<figure class=\"wp-block-image alignwide size-large is-style-rounded\"><img decoding=\"async\" src=\"http:\/\/ukhwimp.cluster028.hosting.ovh.net\/wp-content\/uploads\/2023\/09\/img_0251.jpg?w=769\" alt=\"\" class=\"wp-image-250\"\/><\/figure>\n\n\n\n<figure class=\"wp-block-image alignwide size-large is-style-rounded\"><img decoding=\"async\" src=\"http:\/\/ukhwimp.cluster028.hosting.ovh.net\/wp-content\/uploads\/2023\/09\/img_0252.jpg?w=1024\" alt=\"\" class=\"wp-image-248\"\/><\/figure>\n\n\n\n<figure class=\"wp-block-image alignwide size-large is-style-rounded\"><img decoding=\"async\" src=\"http:\/\/ukhwimp.cluster028.hosting.ovh.net\/wp-content\/uploads\/2023\/09\/img_0254.jpg?w=1024\" alt=\"\" class=\"wp-image-251\"\/><\/figure>\n\n\n\n<figure class=\"wp-block-image alignwide size-large is-style-rounded\"><img decoding=\"async\" src=\"http:\/\/ukhwimp.cluster028.hosting.ovh.net\/wp-content\/uploads\/2023\/09\/img_0253.jpg?w=1024\" alt=\"\" class=\"wp-image-249\"\/><\/figure>\n<\/div>\n","protected":false},"excerpt":{"rendered":"<p>En nuestra casita Luz de Arcoiris el hogar est\u00e1 adaptado a las necesidades e intereses de los ni\u00f1@s con todas las medidas de seguridad necesarias. [&hellip;]<\/p>\n","protected":false},"author":1,"featured_media":0,"parent":0,"menu_order":2,"comment_status":"closed","ping_status":"closed","template":"","meta":{"footnotes":""},"class_list":["post-59","page","type-page","status-publish","hentry"],"_links":{"self":[{"href":"https:\/\/casitaluzdearcoiris.es\/index.php\/wp-json\/wp\/v2\/pages\/59","targetHints":{"allow":["GET"]}}],"collection":[{"href":"https:\/\/casitaluzdearcoiris.es\/index.php\/wp-json\/wp\/v2\/pages"}],"about":[{"href":"https:\/\/casitaluzdearcoiris.es\/index.php\/wp-json\/wp\/v2\/types\/page"}],"author":[{"embeddable":true,"href":"https:\/\/casitaluzdearcoiris.es\/index.php\/wp-json\/wp\/v2\/users\/1"}],"replies":[{"embeddable":true,"href":"https:\/\/casitaluzdearcoiris.es\/index.php\/wp-json\/wp\/v2\/comments?post=59"}],"version-history":[{"count":5,"href":"https:\/\/casitaluzdearcoiris.es\/index.php\/wp-json\/wp\/v2\/pages\/59\/revisions"}],"predecessor-version":[{"id":623,"href":"https:\/\/casitaluzdearcoiris.es\/index.php\/wp-json\/wp\/v2\/pages\/59\/revisions\/623"}],"wp:attachment":[{"href":"https:\/\/casitaluzdearcoiris.es\/index.php\/wp-json\/wp\/v2\/media?parent=59"}],"curies":[{"name":"wp","href":"https:\/\/api.w.org\/{rel}","templated":true}]}}